nits digit of v?
3
Let r be 2 + -1 + (-2)/(-2). Let t(s) = -2 + 0 + 2 + s**r + 2*s. What is the units digit of t(-3)?
3
Suppose 2*o - 42 = 3*f, -o + 6*o = -f + 71. What is the units digit of (-448)/(-15) + 2/o?
0
Suppose g - 44 = -3*g. Let a = g - 4. What is the units digit of a?
7
Let f be 3 + -1 - (-5 + 3). Suppose -2*l + 5*j + 26 = -l, f*l - 2*j = 176. What is the tens digit of l?
4
Let t(a) = -2*a - 3. Suppose 5*b + 8 = -3*s, -b + 3*s = -4*b. What is the units digit of t(b)?
5
Let m(i) = i**3 + 16*i**2 + 13*i - 22. Let q be m(-15). Let w(c) = -c**2 + 10*c - 7. What is the units digit of w(q)?
9
Suppose 4*g = -6*x + 3*x + 41, 3*x - 48 = 3*g. What is the units digit of x?
5
Let t be 2/11 - 105/33. What is the units digit of 15/t*(-9 - -3)?
0
Let l = 53 + -100. Let f = -27 - l. Suppose -f - 7 = -3*d. What is the units digit of d?
9
What is the units digit of (-8)/3*5250/(-56) - 4?
6
Suppose -5*q + j + 126 = 0, 21 + 83 = 4*q - 4*j. Suppose 5*k - 5 = q. What is the units digit of 4/k + 2/6?
1
Suppose -g = -4*o - 197, 5*g - 6*o = -2*o + 1065. What is the tens digit of g?
1
Suppose -5*w + 2*k = 6*k - 147, -2*w - 2*k + 58 = 0. What is the units digit of w?
1
Let h(w) = w**3 - 2*w**2 - 7*w + 6. Let z be h(4). What is the units digit of (-125)/z*(-8)/5?
0
Let f = -83 - -154. Let a = f - 41. What is the tens digit of a?
3
Let j(h) = 9*h**2 - 7*h - 5. Let d(x) = 4*x**2 - 2 - 5*x - 1 + x. Let b(p) = -7*d(p) + 3*j(p). What is the tens digit of b(6)?
1
What is the hundreds digit of 1/2 - (-23598)/92?
2
Suppose -18 = c + 1. Let g = -9 - c. What is the tens digit of g?
1
Let u = 0 - -15. Let f = u + 0. What is the units digit of f?
5
What is the tens digit of 7/((-21)/(-12)) + 60?
6
Let v be ((-15)/10)/((-1)/(-6)). Let o(p) = p**3 + 9*p**2 - 2*p + 6. What is the units digit of o(v)?
4
Suppose 6 = p - 3*p. Let h = p - -2. Let r = h + 6. What is the units digit of r?
5
What is the units digit of (0 - -1)*462/11?
2
Let v(o) = -7*o**3 - 2*o**2 + o - 1. What is the units digit of v(-2)?
5
Suppose 0 = -4*v - 5*o + 95 - 21, -3*v + 3*o = -42. What is the tens digit of v?
1
Let p(i) = -3*i + 24. Let b(g) = -4*g + 36. Let d(n) = 5*b(n) - 7*p(n). Suppose -2*j + 7*j = 0. What is the units digit of d(j)?
2
Let w(c) be the third derivative of c**6/120 - 3*c**5/20 + c**4/24 + c**3/2 + 2*c**2. Let t be w(9). Suppose 0 = -0*u - 4*u + t. What is the units digit of u?
3
Let c = -56 - -83. What is the units digit of c?
7
Let a = -4 + 4. Suppose -k - 4*k = a. What is the units digit of 10 + -1 - 1 - k?
8
Suppose 2*m + 0*m - 8 = 0. Suppose -4*f - p = -27, 0 = m*f + 3*p - 10 - 15. What is the units digit of f?
7
Suppose 252 = -5*p + 682. What is the tens digit of p?
8
Let m(i) = 4*i - 17. What is the tens digit of m(12)?
3
Suppose -4*h + 36 = -4. Let f = h - -7. Let n = f - 9. What is the units digit of n?
8
Let p = 207 - 72. What is the hundreds digit of p?
1
Let g = 1 - 1. Suppose g = -3*x + 3 + 33. Let c = x + -6. What is the units digit of c?
6
Let g(m) = -m + 14. Suppose 2 = y - 3*o - 4, 4*o - 32 = -2*y. What is the units digit of g(y)?
2
Suppose -5*j + 4*k = -6 - 12, -5*j = -k - 12. Suppose j*a = -0*a + 12. What is the units digit of a?
6
Suppose -12*d + 675 = -3*d. What is the units digit of d?
5
Let f be 2/(-4) + 72/16. Suppose 42 = -f*b + 5*b. Suppose -b = -3*k + 12. What is the tens digit of k?
1
Let x be 6 - (-3 - 1)/(-2). Suppose x*y - 5*y = -26. What is the tens digit of y?
2
What is the hundreds digit of 5362/(-42)*(-1 + -2)?
3
Let d(h) = -2*h - 10. Let b = -15 + 24. Suppose 0 = -4*i - b - 19. What is the units digit of d(i)?
4
What is the tens digit of (-3)/(-27)*3*123?
4
Suppose -5 = -2*b + 3*b. What is the tens digit of (-42)/b*75/30?
2
Suppose 5*a = 31 - 1. What is the units digit of 2*(a/4)/3?
1
Let l be ((-16)/(-24))/(2/15). Suppose -43 = -l*c + 32. What is the units digit of c?
5
Suppose -4*o = -16 - 4. Suppose 3*h = -3*i + 18, 4*i = 5*h - o - 16. What is the units digit of i?
1
Let y(l) = 8. Let r(k) = k - 16. Let p(f) = -3*r(f) - 7*y(f). What is the tens digit of p(-6)?
1
Suppose -3*y + 5*y - 14 = -5*v, -18 = -3*v + 2*y. Suppose b - 6 = v*b. Let c(i) = -i**3 - 2. What is the units digit of c(b)?
6
Let b(o) = 3*o + 7. Let l be b(7). Suppose -5*f + 22 = -l. What is the tens digit of f?
1
Let b(o) = -o**2 + 11*o + 3. Let p(a) = 2*a**2 + 2*a - 3. Let x be p(2). What is the tens digit of b(x)?
2
Let f(t) = -t**3 - 7*t**2 - t - 3. Let l be f(-7). Let d be 32/(-12) - l/(-6). What is the units digit of d*(9/(-6))/3?
1
Suppose -5*o + 25 + 205 = 0. What is the units digit of o?
6
Let o = 456 + -257. What is the tens digit of o?
9
Suppose 2*q = -r + 93 + 158, 0 = -4*q - 5*r + 505. What is the hundreds digit of q?
1
Suppose 2*n = n + 2. Suppose 2*j + 6 = -n. Let h = j + 5. What is the units digit of h?
1
Let z be 13/5 - 4/(-10). Suppose -z*o = -6*m + m + 61, 2*m + 4*o - 14 = 0. What is the tens digit of m?
1
Let y be 0 + 1 + 1 + -2. Suppose y = -4*s + 20, 2*s - 7 = -2*x + s. What is the units digit of x?
1
Let l = 11 - -36. What is the tens digit of l?
4
Let x be -1 + 15 + (1 - 2). Suppose 2*w - a + 1 - 60 = 0, -5*a = w - x. Let u = -8 + w. What is the tens digit of u?
2
Suppose 4*c - 4*v - 368 = 0, 4*c + 5*v - 36 = 305. What is the units digit of c?
9
Suppose 0 = 2*j - r - 4, 3*j + 0*j = -3*r - 12. Suppose j = 3*z - 29 - 4. What is the units digit of z?
1
Let n(z) = z**2 - 3*z. Let c be n(4). Suppose 0*u = c*u - 28. What is the units digit of u?
7
Suppose -3*t + 2*t = -3. Let w(y) = -y + 1. Let s be w(t). What is the units digit of (-14)/s - (2 - 4)?
9
Let s(f) = 18*f - 44. What is the tens digit of s(7)?
8
Let t = -14 + 5. Let g be 2/6 - (-3)/t. Suppose g = -v + 2 + 2. What is the units digit of v?
4
Let l(z) = -z**3 - 6*z**2 - 3. Let r be l(-6). What is the units digit of ((-2)/3)/(r/99)?
2
Let d = -11 + 4. Let l = d + 1. What is the units digit of 10*(-3)/l - 0?
5
Let f(c) = 7*c**3 + 6*c**2 + 4*c - 6. Let o(d) = -20*d**3 - 18*d**2 - 12*d + 18. Let u(i) = 17*f(i) + 6*o(i). What is the units digit of u(-5)?
1
Let y(h) be the first derivative of h**4/4 + 5*h**3/3 - 7*h**2/2 - 5*h - 1. Let l be y(-6). What is the tens digit of l/((-3)/(-36)) + 2?
1
Let z(h) = h**2 + 10*h + 4. Let m(k) = -2*k**2 - 21*k - 8. Let g(a) = 4*m(a) + 9*z(a). What is the units digit of g(-6)?
4
What is the hundreds digit of ((-101)/2)/(6/36*-3)?
1
Suppose 4*b - 8*b = -20. Suppose 13 = -b*u + 3*j + 129, -5*u + 2*j = -114. What is the units digit of u?
2
What is the units digit of (168/(-20))/(2/(-10))?
2
Let q(b) = 8*b - 4. Let y(j) = -j + 1. Let g(s) = -2*q(s) - 14*y(s). What is the units digit of g(-8)?
0
What is the units digit of (-237)/(-33) - (-3)/(132/(-8))?
7
Suppose 5*t + 129 = -3*s + 857, -488 = -2*s - 2*t. What is the units digit of s?
6
Let g(v) be the third derivative of -v**4/24 + 4*v**3/3 + 5*v**2. What is the tens digit of g(-6)?
1
Let t = -9 - -5. Let v = 0 - t. Suppose v*x + 2*a - 40 = 6*a, -2*a + 22 = x. What is the tens digit of x?
1
Suppose 2*t - 278 = -5*r, -3*t + 99 + 305 = r. What is the tens digit of t?
3
Let t = -1 + 3. Suppose -2*o - t*o = -d, 0 = d - 5*o. Suppose -5*b = -4*x - b + 8, b - 1 = d. What is the units digit of x?
3
Let v = 10 - 21. Suppose -3*r - 9 = 3*u, -3*u + r = -6*u - 7. What is the units digit of u - (-1 + 2 + v)?
8
Suppose 0 = 2*u + 2*u + 5*b - 9, -4*u = -4*b - 36. What is the units digit of u?
6
Let z(g) = 7*g + 4. What is the tens digit of z(12)?
8
Let d(s) = -s - 9. Let j be d(7). Let a(p) = -p - 15. Let c be a(-7). Let v = c - j. What is the units digit of v?
8
Suppose -d + 18 = -0*d. Suppose -d = -a - 6. What is the tens digit of a?
1
Let k be (-30)/(-1*(-3)/2). Let t = k + 1. Let m = -11 - t. What is the units digit of m?
8
Let m(d) = d**3 + 3*d**2 - 2*d. Let z be m(-4). Let l = z + 13. Suppose -37 = -2*c + l*q, 2*c - 22 = -q + 3*q. What is the units digit of c?
6
Let x(t) = t**2 - 8*t - 24. What is the units digit of x(15)?
1
Let d(y) = -y**2 + 9*y - 10. Let f be d(7). Suppose 0 = -f*n + 7 + 5. What is the units digit of n?
3
Suppose 2*i = -1 + 5. Suppose -i*u - 2*m + 16 = 0, u + 2*m = -3*u + 36. Let n = -3 + u. What is the units digit of n?
7
Let k(m) = -m**2 + 2*m + 4. Suppose -2*i = i - 12. Let t be k(i). Let j = t - -8. What is the u